n base 2, what is -1 - 1011?
-1100
In base 14, what is 3 + b4?
b7
In base 6, what is 4 + 204?
212
In base 15, what is 33b - 4?
337
In base 11, what is -5 - -31?
27
In base 5, what is 43 + -2?
41
In base 8, what is 46 - -2?
50
In base 3, what is -122 + -100022?
-100221
In base 4, what is 232 - -122?
1020
In base 15, what is -1 + -52?
-53
In base 11, what is -3 - 3689?
-3691
In base 2, what is 11001010 - -100?
11001110
In base 16, what is -2 - -26?
24
In base 8, what is 172 - 21?
151
In base 4, what is -211 - 22003?
-22220
In base 2, what is 1 + 100001001?
100001010
In base 9, what is -2 - -10?
7
In base 7, what is 2 - -10?
12
In base 10, what is 3 - 21?
-18
In base 7, what is -36 - -125?
56
In base 7, what is -13 - 266?
-312
In base 5, what is -20 + 3321?
3301
In base 3, what is 2110 + 1?
2111
In base 15, what is 1 + -1a?
-19
In base 11, what is -4 + -52?
-56
In base 16, what is 4 + -6b?
-67
In base 7, what is -242 + 400?
125
In base 9, what is -2 - 86?
-88
In base 4, what is 111 + -330?
-213
In base 9, what is 5 + 50?
55
In base 16, what is -373 + 5?
-36e
In base 8, what is -103 - 0?
-103
In base 13, what is 7 + -421?
-417
In base 2, what is -110000 - 0?
-110000
In base 2, what is 10100010 + -101?
10011101
In base 9, what is 12 - -6?
18
In base 5, what is 20143 - 0?
20143
In base 8, what is -2 + 34?
32
In base 6, what is -105 - 13?
-122
In base 4, what is -1 + -21312?
-21313
In base 15, what is 3a + -1?
39
In base 7, what is -124 - -3?
-121
In base 7, what is 6 + -520?
-511
In base 7, what is 0 - 6610?
-6610
In base 5, what is 243 - 114?
124
In base 10, what is 2 - -261?
263
In base 16, what is 1 + -7?
-6
In base 13, what is -31b - -2?
-319
In base 7, what is -4 + 24?
20
In base 5, what is 1 + -11213?
-11212
In base 14, what is 7 - 5?
2
In base 11, what is -20 + -7?
-27
In base 3, what is -1 + -10?
-11
In base 14, what is -2b + -2c?
-59
In base 13, what is -21 - -1?
-20
In base 9, what is -61502 - 0?
-61502
In base 7, what is -4353 - -2?
-4351
In base 8, what is -13 - -1541?
1526
In base 4, what is -21 - -1103?
1022
In base 3, what is 110 + 22020?
22200
In base 2, what is 11001100101 + 1?
11001100110
In base 6, what is -44 + -143?
-231
In base 14, what is -27b + 6?
-275
In base 16, what is -2001 + 1?
-2000
In base 4, what is 3 - 320020?
-320011
In base 5, what is 131 + 142?
323
In base 10, what is 3 + 3446?
3449
In base 14, what is -475 - -5?
-470
In base 5, what is -4 - 0?
-4
In base 10, what is -12 - 2?
-14
In base 5, what is -2210 + -1?
-2211
In base 11, what is 1338 - -2?
133a
In base 14, what is -b03 - -4?
-add
In base 12, what is -6 + 0?
-6
In base 8, what is -316 - 0?
-316
In base 5, what is -2023 + -2?
-2030
In base 7, what is 5 + -10101?
-10063
In base 2, what is 10000000 - 101100?
1010100
In base 5, what is 10 - 1101?
-1041
In base 10, what is -1 - 116?
-117
In base 15, what is b - -307?
313
In base 12, what is -aa3 + -6?
-aa9
In base 4, what is 22020 + -1?
22013
In base 16, what is -36b - 1?
-36c
In base 8, what is 55 - -1?
56
In base 8, what is -15 - -1?
-14
In base 5, what is 22 + -1140?
-1113
In base 14, what is 3 + 49?
4c
In base 5, what is -33101 + -1?
-33102
In base 10, what is 32144 - -1?
32145
In base 15, what is 10c - -4a?
157
In base 14, what is -1d - 16?
-35
In base 10, what is -19 - 104?
-123
In base 15, what is 12 + -10?
2
In base 11, what is -49 - -16?
-33
In base 9, what is -3327 + -1?
-3328
In base 16, what is 1 - 26?
-25
In base 10, what is 84 + 0?
84
In base 12, what is -9 + 4?
-5
In base 13, what is -a - 9?
-16
In base 3, what is -1 + 120?
112
In base 11, what is 2 + -1a1?
-19a
In base 4, what is 11 + 10131?
10202
In base 7, what is -1154 - -3?
-1151
In base 3, what is -21 + 11001110?
11001012
In base 15, what is 5 - -206?
20b
In base 8, what is 467 - 4?
463
In base 11, what is -89 - 12?
-a0
In base 5, what is -3 + -20111?
-20114
In base 14, what is -4 + 75?
71
In base 3, what is -10 + 2220212?
2220202
In base 10, what is -2002 + 5?
-1997
In base 7, what is -143 + 10?
-133
In base 5, what is 0 + 441?
441
In base 16, what is -8c - -4?
-88
In base 13, what is 13 - 132?
-11c
In base 16, what is -9 - -8?
-1
In base 15, what is -cde + -2?
-ce1
In base 3, what is -10 + -110202?
-110212
In base 16, what is -5 + b6?
b1
In base 14, what is 42 + 10?
52
In base 6, what is 5 + -4040?
-4031
In base 10, what is -12711 - -5?
-12706
In base 3, what is 1002 + -2?
1000
In base 10, what is -323 + 54?
-269
In base 16, what is -185 + -5?
-18a
In base 6, what is -13 + 151?
134
In base 13, what is -4 - -2?
-2
In base 3, what is -110101001 - 2?
-110101010
In base 8, what is 126 - 173?
-45
In base 8, what is -56 + -16?
-74
In base 6, what is -20 + -25?
-45
In base 12, what is 4 - ab7?
-ab3
In base 11, what is 3 + 34?
37
In base 8, what is 2 - 1064?
-1062
In base 10, what is -166 - -10?
-156
In base 11, what is -22 - -4?
-19
In base 10, what is -69 + -4?
-73
In base 14, what is 5 + 4?
9
In base 5, what is -23 + -303?
-331
In base 6, what is -33543 - 4?
-33551
In base 15, what is -1324 - 7?
-132b
In base 10, what is 3 + 229?
232
In base 2, what is 101 - 1101100?
-1100111
In base 9, what is 20 - -4?
24
In base 11, what is -1063 - -1?
-1062
In base 12, what is 3061 - 3?
305a
In base 7, what is -2 + 11542?
11540
In base 9, what is 0 + -105?
-105
In base 7, what is 144 + -36?
105
In base 16, what is 237 - -2?
239
In base 16, what is -6 + -29?
-2f
In base 10, what is -2 - 12?
-14
In base 5, what is 124410 + -1?
124404
In base 6, what is -40 + 4?
-32
In base 7, what is 3 - 4515?
-4512
In base 7, what is -4 - 5343?
-5350
In base 12, what is -6 - -1490?
1486
In base 10, what is 1 - -5486?
5487
In base 11, what is 3 - -351?
354
In base 7, what is 2355 + 3?
2361
In base 12, what is 2 - -2?
4
In base 14, what is 1 + -33b?
-33a
In base 10, what is 2 + 339?
341
In base 9, what is -278 + -5?
-284
In base 13, what is -5c + 8?
-54
In base 12, what is -14 - -131?
119
In base 10, what is 2403 - 2?
2401
In base 6, what is 114 - 234?
-120
In base 9, what is 7 + 1064?
1072
In base 16, what is 5 - 5ff?
-5fa
In base 16, what is 6 - -43d?
443
In base 12, what is -1386 + -3?
-1389
In base 15, what is -2 - 4?
-6
In base 7, what is 16 - -155?
204
In base 7, what is 4 - -1012?
1016
In base 8, what is -2 + -36?
-40
In base 5, what is -3 + -130?
-133
In base 7, what is 4513 - 3?
4510
In base 8, what is -3 - -14612?
14607
In base 16, what is 5 + -135c?
-1357
In base 16, what is -221 - -3?
-21e
In base 2, what is 10010010001 + -110?
10010001011
In base 11, what is -3a1 - -8?
-394
In base 10, what is -359 - 2?
-361
In base 5, what is 0 + 1032?
1032
In base 15, what is 170 - 4?
16b
In base 6, what is 5 + -101?
-52
In base 12, what is 200 - 1?
1bb
In base 8, what is -152 - 5?
-157
In base 2, what is -10001 + 100101100?
100011011
In base 7, what is 15 - 210?
-162
In base 6, what is 11 + 33?
44
In base 4, what is -22 + -1220?
-1302
In base 3, what is 1 - 111121?
-111120
In base 9, what is 2 - -3401?
3403
In base 12, what is 14a - 5?
145
In base 7, what is -40 + 5?
-32
In base 2, what is 11 - 10111011?
-10111000
In base 11, what is -4 - 94?
-98
In base 9, what is -4 - -1024?
1020
In base 3, what is 10 + -21110100?
-21110020
In base 7, what is -4 - -332?
325
In base 12, what is b9 + -20?
99
In base 12, what is 0 - 5a?
-5a
In base 6, what is 10 + 1020?
1030
In base 16, what is 4 + 9?
d
In base 3, what is 21202 + 12?
21221
In base 5, what is -2 + 23413?
23411
In base 4, what is 13 + 13?
32
In base 12, what is -5 + -4a4?
-4a9
In base 12, what is -2 - -18?
16
In base 2, what is -100110 - -1000101001?
1000000011
In base 10, what is -17 + -3?
-20
In base 7, what is 253 + -104?
146
In base 14, what is -1b1 + -5?
-1b6
In base 11, what is -60 + 7?
-54
In base 13, what is 313 - c?
304
In base 3, what is 20220 + 12?
21002
In base 6, what is -111252 + 3?
-111245
In base 12, what is 5 + 104b?
1054
In base 10, what is -7850 - 0?
-7850
In base 4, what is 2311 - -3?
2320
In base 8, what is -17 - 4?
-23
In base 3, what is -21 + -11022?
-11120
In base 15, what is 20 - -7b?
9b
In base 2, what is -11 - -10100?
10001
In base 14, what is -2 + 14b?
149
In base 14, what is -83 + -18?
-9b
In base 2, what is 11 + -101?
-10
In base 12, what is -137 - -1?
-136
In base 5, what is -4 - 130?
-134
In base